 -5*j = y + 102, 0*y = j - 2*y + 16. Let x = j - -53. List the prime factors of x.
3, 11
Let r = -699 + 1628. Suppose -294 - r = -5*q - 4*b, 4*b = -q + 235. List the prime factors of q.
13, 19
Suppose -4*r - 322 - 60 = -3*k, -507 = -4*k + 3*r. List the prime factors of k.
2, 3, 7
What are the prime factors of (-87)/174*3*-556?
2, 3, 139
Let q be (18 + -2)*(-1 + 2). Suppose -q = -v + 3*a, v - 28 = -v + 5*a. Suppose v*b - 10*b = -90. List the prime factors of b.
3, 5
Let d = -29 + 49. Let c = 21 - 27. Let n = c + d. What are the prime factors of n?
2, 7
Suppose 5*u = -5*y + 1465, 2*u - 576 = y - 5*y. What are the prime factors of u?
2, 149
Let w = -1671 - -3459. List the prime factors of w.
2, 3, 149
Suppose 0 = j - 5 - 0. Suppose 0 = -2*o - 3*u, -3*o + u + 6 = -j. What are the prime factors of o?
3
Let b = 15 + -10. Suppose -5*j = 2*g - 167 - 12, 5*g = -b*j + 425. List the prime factors of g.
2, 41
Suppose -v - 3 = -4. Suppose 76 = 3*c + v. Let h = c + -3. List the prime factors of h.
2, 11
Let t be (-1 + 1)/(-6 - -7). Suppose t = 4*l - 3*p - 0*p - 97, -2*l = 5*p - 81. List the prime factors of l*1 + -2 + 1.
3
List the prime factors of (7743/(-9))/((-1)/(-9)*-3).
29, 89
Suppose -4*z + 400 = 2*u, -351 - 649 = -5*u - 2*z. What are the prime factors of u?
2, 5
Let u(x) = -x**2 + x + 40. Let j be u(-16). Let z = j + 345. What are the prime factors of z?
113
Let f(h) = 10*h**2 - 108*h + 14. List the prime factors of f(30).
2, 2887
Let p = -157 - -236. Let h = p - -18. List the prime factors of h.
97
Let v = 117 - 184. Let n = v + 185. What are the prime factors of n?
2, 59
Suppose 5*q = -4*m + 885, -m + 4*m - 655 = 5*q. List the prime factors of m.
2, 5, 11
Let w(y) = 29*y**2 + 5*y + 4. Let b be w(-1). What are the prime factors of 145/2*b/10?
7, 29
Let l(n) = n**2 - 15*n - 11. Let q be l(16). Let d(x) = 4*x**2 + 6*x - 21. What are the prime factors of d(q)?
109
Suppose -9*s = -6*s - 48. Suppose 2*r + s = -2. Let u = 10 - r. List the prime factors of u.
19
Let n be -36*((-92)/(-12) + -4). Let j = -91 - n. List the prime factors of j.
41
Let k = -95 - -95. Suppose 2*s + 4*y - 322 = 0, 2*s + y - 313 = -k*y. List the prime factors of s.
5, 31
Suppose 0 = -24*y + 27*y - 4089. What are the prime factors of y?
29, 47
List the prime factors of ((-5176)/16)/1*24/(-2).
2, 3, 647
Let a be (-6)/27 + (-178)/9. Let w be -45 + 5 + -4 + -4. Let v = a - w. What are the prime factors of v?
2, 7
Let r = 7 + -7. Suppose r = 5*x - 112 - 33. Suppose -x = -4*g - 9. What are the prime factors of g?
5
Let y = -9818 - -14708. List the prime factors of y.
2, 3, 5, 163
Let h = -45 + 110. Suppose 3*y = y - 8, 0 = 5*w - 5*y + 140. Let a = h + w. What are the prime factors of a?
3, 11
Suppose -2 = -3*h + j + 3, -5*h + 4*j + 13 = 0. Suppose 4*g = h + 15. Suppose 9*d = g*d + 85. List the prime factors of d.
17
Let g = -83 + 106. Let c = g + 187. What are the prime factors of c?
2, 3, 5, 7
Let p be 21/(-4)*16/(-6). Suppose -3*z + p = -1. Suppose 113 = 4*x + 5*f, -2*x + z*f + 24 = -25. List the prime factors of x.
3
Let n be (-2)/(1*(3 - 4)). What are the prime factors of ((-55)/22)/(n/(-44))?
5, 11
Suppose -n + 25 = 3*g, g - 3 = 2. Let m(u) = -u**3 + 10*u**2 + 2*u - 5. What are the prime factors of m(n)?
3, 5
Suppose -1812 = -2*b - g, 93*b - g - 4537 = 88*b. What are the prime factors of b?
907
Suppose -3*b = -4*z - 4*b + 20, -3*z - 4*b + 15 = 0. Suppose -71 = z*s + 9. Let q = 30 + s. What are the prime factors of q?
2, 7
Suppose 0 = 4*y + 5*t - 2456, -3*y + 0*y + 1842 = -2*t. List the prime factors of y.
2, 307
Let b(h) = 5*h**2 - 6*h - 6. Suppose 3*m + p = -m + 16, m - 3*p = 17. Let w be b(m). Let c = w - 41. List the prime factors of c.
2, 3
Let t = 2502 - 1108. What are the prime factors of t?
2, 17, 41
Suppose -47*w + 1533 = -46*w. List the prime factors of w.
3, 7, 73
Let r = -39 - -107. Let i = r + -15. List the prime factors of i.
53
Let a = 14 + -32. Let f be -2*(-3)/(a/(-15)). Suppose f*o - 119 = 41. List the prime factors of o.
2
Suppose 0 = 69*s - 41*s - 30856. List the prime factors of s.
2, 19, 29
Suppose -5*s = -0*s + 20. Let p be (s - -6) + -2*43. Let f = -56 - p. What are the prime factors of f?
2, 7
Let v(i) = -i - 8. Let f be v(-6). Let y = 10 - f. What are the prime factors of y?
2, 3
Let q(g) = -g**3 + 8*g**2 + 4. Let m be q(8). Let t = 5 - m. What are the prime factors of 5/(-10)*(-37 - t)?
19
Suppose 60*h - 55*h = 2045. What are the prime factors of h?
409
Let i(r) = -8*r - 30. Suppose -10*p - 154 = p. What are the prime factors of i(p)?
2, 41
Let c(f) = 6 - 27*f + 8*f - f**2 + 10*f. Suppose 4*g + 3*r + 34 = 0, -3*r + 8*r = 5*g + 25. List the prime factors of c(g).
2, 5
Let w(l) = 47*l**2 - 2*l + 5. Let x be w(3). Suppose -7*u + x = -26. List the prime factors of u.
2
Suppose 2*b - 5*n = -0*n - 31, 5*b + 5*n = 10. Let o be (-49)/b - 12/36. What are the prime factors of ((-66)/5)/(o/(-40))?
3, 11
Suppose 6*p + 3*p - 1845 = 0. What are the prime factors of p?
5, 41
Let z = 1 - 3. Let u be z/(-8) + 5533/44. Suppose f = 4*q - f - u, q - 3*f - 39 = 0. What are the prime factors of q?
2, 3, 5
Let l(n) = -18*n - 87. Let k be l(-19). Suppose 7*q - 8*q = -k. What are the prime factors of q?
3, 5, 17
Let b = -371 + 2267. What are the prime factors of b?
2, 3, 79
Let j = -11 + 11. What are the prime factors of 2/3 + j - (-1813)/21?
3, 29
Let j(o) = -3*o + 3. Let t be j(-2). Suppose k = -3 - 0, 3*s - t = -5*k. Suppose 5*y = -d + 8, s = -y - 3*d - 2*d. What are the prime factors of y?
2
Suppose 281 + 479 = 8*d. Suppose -2*z + 74 + 113 = -3*x, -2*x = -z + d. What are the prime factors of z?
89
Suppose 0 = -4*z + 7 + 21. Let d(w) = 1. Let n(x) = 2*x - 20. Let m(g) = 10*d(g) + n(g). What are the prime factors of m(z)?
2
Let v(m) = m**3 - 13*m**2 + 3*m - 16. Let k = -20 + 33. List the prime factors of v(k).
23
Let q(m) = 16*m**2 - 4*m + 14. List the prime factors of q(3).
2, 73
Let t(b) = -66*b - 7. Suppose 18 = 5*p - 8*p - 2*a, 0 = -5*p - 3*a - 29. What are the prime factors of t(p)?
257
Let y(t) be the third derivative of t**4/12 - 2*t**3/3 - 18*t**2. What are the prime factors of y(8)?
2, 3
Let g(k) = -7*k**3 + 2*k - 1. Let y be g(1). Let b be 9/(-6)*16/y. Suppose -b*t - 54 = -3*w + w, -4*t = -12. What are the prime factors of w?
3, 11
Let r(x) = -2*x + 3. Let w = 19 - 22. What are the prime factors of r(w)?
3
Suppose -4*a - 3*d + 3 = 0, 2*d = 3*d - 1. Suppose -7*g + 462 = -a*g. List the prime factors of g.
2, 3, 11
Let n be (0 + -1)/(6/(-48)). Suppose -2*m + 0*m - n = 0. What are the prime factors of 469/28 - (-3)/m?
2
Suppose -4*o = -o + u - 1007, 0 = 2*o - u - 663. List the prime factors of o.
2, 167
Let t(h) = h**2 + h - 47. List the prime factors of t(-26).
3, 67
Suppose -509 = 7*o - 2721. List the prime factors of o.
2, 79
Suppose 0 = 187*b - 217*b + 27840. What are the prime factors of b?
2, 29
Let f(b) = b**2 - 6*b + 5. Suppose u = 5*u - 24. Let a be f(u). Suppose -9 + a = -2*y. What are the prime factors of y?
2
Suppose -4*f = 4*c - 4, 5*f + 6 = c - 7. What are the prime factors of (c/(-9 - -6))/(1/(-184))?
2, 23
Let t(k) = -49*k**2 - k - 12. Let a(o) = 97*o**2 + 2*o + 25. Let w(s) = -6*a(s) - 13*t(s). What are the prime factors of w(-2)?
2, 7
Suppose -682*m - 488 = -683*m. List the prime factors of m.
2, 61
Let v(d) be the third derivative of d**5/30 - d**4/8 + 5*d**3/3 - 18*d**2. List the prime factors of v(-5).
3, 5
Suppose 1861 + 1239 = 5*o. Suppose -6*s + 489 = -2*s - 3*u, 5*s = -5*u + o. What are the prime factors of s?
3, 41
Let s = -12 + 22. Let u = s - 9. List the prime factors of 4/(-4)*(u - 11).
2, 5
Suppose -5*w + w = 3*f + 80, 3*w - 65 = 4*f. Let s be (6/(-5))/(3/f). Suppose -2*u - s + 36 = 0. What are the prime factors of u?
2, 7
Suppose 6*w + 2547 = 8*w - 5*t, -3*w = -5*t - 3823. What are the prime factors of w?
2, 11, 29
Suppose -774 = -w + 2*k, -11*k = -2*w - 8*k + 1543. List the prime factors of w.
2, 191
Let z(a) = a**3 - 5*a + 4. Let r be z(3). Suppose -4*m - 33 = -l, 0*m = 3*m + l + r. Let y = 21 - m. List the prime factors of y.
2, 7
List the prime factors of -1*(7 - 6) + 186.
5, 37
Let r(w) = w**3 + 10*w**2 - 14*w + 14. Let o be r(-11). Let a = o - -17. Suppose -2*i - 2*d + 0 + 42 = 0, -d = -4*i + a. What are the prime factors of i?
17
